 - 20*z - 50. Let v be w(24). Suppose -v + 126 = 10*p. Let l(s) = 4*s**3 + s - 1. Let h be l(1). Calculate the highest common factor of h and p.
4
Let s(z) = -z**3 + 11*z**2 - 16*z + 97. Let x be s(10). What is the highest common divisor of x and 1147?
37
Suppose 0*z = -8*z + 16. Suppose 0 = -2*w - z*a + 22, 8*a - 3*a + 25 = 3*w. Calculate the greatest common divisor of w and 4.
2
Let p be 6110/3*3*22/55. Calculate the highest common factor of p and 52.
52
Suppose 0*g + 4*g + 5*s - 35 = 0, 2 = g - s. Suppose -2*a - 12 = -g*a. Let d = a + 2. What is the greatest common factor of 30 and d?
6
Suppose 2776 + 5064 = 16*t. Calculate the greatest common factor of 70 and t.
70
Let s be (-6)/(-39) + 1827/39. What is the greatest common divisor of 188 and s?
47
Let b(t) = 4*t + 1. Let x be b(3). Suppose 0 = -0*z - 4*z - 16, 3*p - 5*z = -310. Let f be (-576)/(-22) + 20/p. What is the highest common factor of f and x?
13
Let y be 0/1 - (-7 - -4). Suppose y*k - k - 20 = 0. Suppose 0*x = 2*n - 4*x - 38, -k = -n - x. Calculate the highest common divisor of n and 39.
13
Let l(s) = 2*s**2 - 3*s - 18. Suppose -8*i - 15 = 17. Let j be l(i). Calculate the greatest common factor of j and 52.
26
Suppose 5*r = -v + 186, 4*v = 2*r + 9*v - 56. Suppose 5*y + r = k, -y - 25 = -4*k + 108. Calculate the highest common divisor of k and 22.
11
Let r be -1 - (1 - (2 - -30)) - 5. Let l(a) = a**2 - 2*a - 5. Let s be l(-8). What is the highest common divisor of r and s?
25
Let f be 13 + -6 - (-2 + -4). Calculate the greatest common divisor of f and 52.
13
Let r be (-11)/(-3 + (2 - -2)). Let o = r - -27. Calculate the greatest common factor of o and 16.
16
Let j(b) = 4*b**2 + 12*b - 15. Let l be j(-4). What is the greatest common factor of l and 23?
1
Let x be 4 + (-4)/(-4)*1. Suppose 131 = -x*h + 516. Suppose 4*f - h = 3. Calculate the greatest common factor of f and 5.
5
Let h be 8/20 - 24/(-15). Suppose -11 = -h*g - 2*u + 3*u, -11 = -3*g - 4*u. Calculate the greatest common factor of g and 40.
5
Let b = 186 - 176. Let l be (-2)/((-4)/b) + (-69)/(-69). Let a = 1 + 2. Calculate the highest common divisor of l and a.
3
Let a(p) = p**2 - 17*p - 8. Let h be a(-6). Calculate the highest common divisor of h and 585.
65
Let f be (-9)/(-3) + -2 + 255. Calculate the highest common divisor of f and 16.
16
Suppose 0 = -2*p + 19 + 13. Suppose -p*z = -18*z + 6. Calculate the highest common factor of z and 3.
3
Suppose -5 = -2*n + 7. Suppose 38 = y - 40. Suppose n*j + y = 9*j. What is the highest common factor of j and 130?
26
Let i(a) = -a**3 - 20*a**2 - 15*a + 79. Let w be i(-19). Let b(x) = 2*x. Let f be b(6). Let y be (f/8)/(1/6). What is the highest common factor of y and w?
3
Let y be 28 + (8 - 8/8). What is the greatest common divisor of 85 and y?
5
Suppose -350*d = -335*d - 255. Calculate the greatest common divisor of d and 85.
17
Suppose -2*a = 2*a - 44. Let u(w) = w**3 - 2*w**2 - 7*w - 3. Let n be u(4). What is the greatest common divisor of a and n?
1
Let j be (7 - 2)*(-189)/(-1). Suppose j = 4*p + p. Calculate the greatest common factor of 27 and p.
27
Suppose 4*p - 43 - 5 = 0. Let f(m) = -29*m + 1024. Let c be f(32). Calculate the greatest common divisor of c and p.
12
Let g = -152 - -384. Let p be -5 + -3 + g/4. Calculate the highest common divisor of 10 and p.
10
Let n be (-214)/14 + 4/14. Let b = n - -147. What is the highest common divisor of b and 12?
12
Let c(u) = u**3 + 6*u**2 + 19. Let j be c(-5). Suppose -2*f - 57 = 5*t, 31 = -5*t - f - 25. Let x = 15 + t. Calculate the highest common divisor of x and j.
4
Let w be ((-9)/2 + 3)*(-1 + 3). Let q be 1/(w/(-9))*-1 - -25. Calculate the greatest common factor of 2 and q.
2
Suppose -67 = 2*h - 49. Let u be h*(15/(-9) - 1). Calculate the greatest common divisor of u and 6.
6
Let s(z) = -z**3 + 13*z**2 + 31*z - 18. Let t be s(10). Calculate the greatest common factor of 16 and t.
16
Let p = 540 + -52. Suppose 5*v = -2*c + p, -5*c = -3*v + v + 172. Calculate the greatest common factor of v and 32.
32
Let b(h) be the second derivative of h**5/20 + h**4 - 5*h**3/6 + 5*h**2 + 6*h. Let d be b(-10). What is the highest common divisor of 26 and d?
26
Let z = 54 - 52. Suppose -5*f = -z*f - 84. Calculate the highest common factor of f and 42.
14
Let d(b) = 3*b - 13. Let c be d(7). Suppose -10*x = -c*x - 70. What is the greatest common factor of 14 and x?
7
Suppose -4*o = -b - 108, -o + b = 5*b - 44. Let s = -120 - -169. Suppose 7*d - 441 = s. What is the highest common divisor of d and o?
14
Let u be -12*(50/18 - 3)*6. Calculate the highest common factor of 56 and u.
8
Let t(z) = 6*z**2 - 4*z + 5. Let a = 9 - 5. Let v be t(a). Suppose -4*o = -5*y - 3*o + 165, -y + 4*o + 14 = 0. What is the highest common divisor of v and y?
17
Let f = -12 + 17. Let b = 7 - f. Let k be (-4)/6*18/(-12). What is the highest common divisor of b and k?
1
Suppose -6*f + 21 + 15 = 0. Let g be 2/f + ((-74)/(-3) - -4). Calculate the highest common divisor of 29 and g.
29
Suppose 0 = 36*h - 3636 - 6804. Calculate the greatest common divisor of h and 232.
58
Let w = 312 + -157. Suppose 4*l = -4*s + 180, -4*s = 5*l - w - 30. What is the greatest common factor of 5 and s?
5
Let s(o) = -o**2 + 2*o + 4. Let f be s(0). Suppose -3*z - f*d = 2*z - 509, -5*z + 2*d = -533. What is the highest common factor of 15 and z?
15
Let v be (-2)/5 + 32/5. Suppose 22 = 8*m - v*m. Calculate the highest common factor of 1 and m.
1
Suppose -3*c = -3*u - 18, 2*u + 4 = c - 5. Let z be 8 + 116 + u/(-1 - -2). Calculate the highest common divisor of z and 11.
11
Let h(c) = -c**3 + 6*c**2 + c + 5. Let k be h(6). Let z be ((-9)/12)/((-3)/792). Suppose -2*d + z = d. What is the greatest common divisor of d and k?
11
Let c be 2/(-4*(-3)/66). Let i = -13 + 13. Suppose 0 = -i*a - 5*a + 550. Calculate the highest common factor of a and c.
11
Let a(s) = -s**3 - 5*s**2 + 4*s - 1. Let k be a(-6). Let p = k - 9. Suppose 5*l = -3*w - p + 3, 3 = 2*w + l. What is the highest common factor of 1 and w?
1
Let w = -3 + 4. Suppose -3*j + 120 = 9*j. Let r be 28/j - (-8)/40. Calculate the greatest common factor of w and r.
1
Let k(p) = p**3 - 2*p**2 - 3*p + 4. Let h = -27 + 39. Suppose -5*d = -2*d - h. Let f be k(d). Calculate the greatest common factor of f and 96.
24
Let n be (0 - 10)/(1/1). Let c be (-35)/(-14)*(-8)/n. Suppose -m + 9 = c*x - 2, 5*x - m = 10. What is the greatest common factor of x and 12?
3
Suppose f + 3*i = 891 + 31, 0 = -5*f - i + 4554. Suppose 2*k - 364 = -5*g, -7*k + 2*k - 3*g + f = 0. Calculate the greatest common factor of k and 14.
14
Let r(o) = o**3 - 8*o**2 - 178*o - 2. Let c be r(18). What is the greatest common factor of c and 1054?
34
Let c = -37 + 59. Let z be (-9 + 1)*(-33)/12. Calculate the highest common factor of z and c.
22
Suppose -4*w = 3*h - 42, 2*w - h - 9 - 7 = 0. Let v be 4 - (-28)/(-8) - (-197)/2. What is the highest common factor of v and w?
9
Let g = -20 - -17. Let y be 11364/(-18)*(0 - g). Let b be y/(-18) - 2/9. What is the greatest common divisor of b and 21?
21
Suppose 5*f = 668 + 652. What is the greatest common factor of f and 12?
12
Let m(u) be the first derivative of u**2/2 + 5*u + 4. Let d be m(3). Calculate the greatest common factor of d and 24.
8
Suppose 6*g - 187 = -19. Suppose 0 = -8*f + 3*f + 5. Let l be (-213)/(-3) + (0 - f). Calculate the greatest common divisor of l and g.
14
Let l(a) = 2*a**3 - 23*a**2 - 7*a + 10. Let y be l(12). Calculate the highest common factor of 1 and y.
1
Let j(s) = -s**2 + 15*s + 4. Let a be j(17). Let l = a - -33. Suppose l*h = f + 53, 93 = 4*h - 4*f + 9. What is the greatest common factor of h and 144?
16
Suppose -2*m = 16 - 10. Let h = m - -11. What is the highest common divisor of h and 56?
8
Suppose 47 = 5*g + 3*r + 15, -5*g + r + 36 = 0. Let x be 1518/24 - (-2)/(-8). Calculate the greatest common factor of g and x.
7
Suppose -2420 = -70*p + 60*p. What is the highest common factor of 44 and p?
22
Let s be 10 + -16 - 33/(-1). Suppose -k - 45 = 4*k. Let y = k + s. Calculate the greatest common divisor of 12 and y.
6
Let j = -448 - -470. What is the highest common factor of 22 and j?
22
Let l = -889 + 898. Suppose -363 + 3 = -5*m. Calculate the greatest common factor of l and m.
9
Let k(c) = c**2 + 28*c + 2. Let z 